174 is divided by g?
73
Suppose 7870*v - 7849*v - 3119 = 1816. What is the remainder when 2364 is divided by v?
14
Suppose 2*o + 1 = 15. Suppose -2*k - 108 = 4*i, o*k - 3*k = -16. Let h = -11 - i. Calculate the remainder when 36 is divided by h.
8
Suppose 5*x - 1068 = -308. Suppose 39*u = 20*u + x. What is the remainder when u is divided by 3?
2
Let r(i) = -3*i**3 - 74*i**2 - 81*i - 694. Calculate the remainder when r(-30) is divided by 33.
32
Let v = 3900 - 3892. What is the remainder when 344 is divided by v?
0
Let d = -27036 + 27449. What is the remainder when d is divided by 9?
8
Suppose 0 = -5*o - 4*f + 3*f + 103, -o - 15*f = 9. Suppose -5*v - 4*m = -24, v - m + 12 = 3*v. What is the remainder when o is divided by v?
5
Suppose -4*j = -6*r - 54, 5*j + 10*r - 25 = 9*r. Let o = 8 + -3. Suppose -73 = -o*g + 92. What is the remainder when g is divided by j?
3
Let g = -803 + 1208. Suppose b = 6*b - g. Suppose q - 21 = 4*v, -2*q = v - 2*v - 42. What is the remainder when b is divided by q?
18
Suppose 3*c + 8*c = 7*c + 68. What is the remainder when 2/8 - (-491)/4 is divided by c?
4
Suppose 5396*n - 5382*n - 3346 = 0. What is the remainder when n is divided by 29?
7
Let y = 48 - 27. Suppose 5*c - 4*o - 212 = 0, -61*c = -65*c - 4*o + 148. What is the remainder when c is divided by y?
19
Calculate the remainder when 658 is divided by ((-4)/3)/((-287)/630*22 + 10).
58
Let c = 411 - 403. Suppose c*s = 1791 + 705. What is the remainder when s is divided by 9?
6
Let m = -237 - -239. Let b = 492 + -156. Suppose 3*w - 7*w + 3*q = -658, -m*w + 5*q = -b. Calculate the remainder when w is divided by 42.
37
Let o = -33 + 35. What is the remainder when 333 is divided by -2 - (-115 + -1)/o?
53
Let o(i) = 23*i**2 - 67*i + 21. Calculate the remainder when 187 is divided by o(3).
25
Let b be 10/(-4)*8/(-5). Let c = 15 - b. Calculate the remainder when -15 + 283/19 + (-4851)/(-57) is divided by c.
8
Let o(a) = -a**2 + 8*a - 6. Calculate the remainder when (19 - -34*12/(-24))/(2/78) is divided by o(4).
8
Suppose 6*a - 4*a = 6. Suppose 0 = a*f - 57 - 60. What is the remainder when f is divided by 4/(-54) + 4940/351?
11
Suppose -48*p + 2992 + 2912 = 0. What is the remainder when 437 is divided by p?
68
Let x(c) = 18*c**2 - 4*c + 3. What is the remainder when x(4) is divided by 3*(2484/504)/((-2)/(-7))*20/45?
22
Suppose -24 = -r - 7*r. Suppose w = 4*p + 50, -4*w = r*p - 134 - 104. What is the remainder when w is divided by 43?
15
Let q = 51 + -47. Let s(t) = -t**2 + 3*t + 13. Let f be s(q). Suppose 81 = 6*l - f. Calculate the remainder when l is divided by 8.
7
Let y be (-4 - -5) + 0 - 106*-1. Suppose -2*x + y = -55. Let a = x - 59. What is the remainder when 131 is divided by a?
21
Let j = -32407 + 32456. Calculate the remainder when 904 is divided by j.
22
Let o(y) = -2*y**3 + 61*y**2 + 40*y - 254. Suppose v + 18 = 5*m - 1, 4*m = -4*v - 4. Let l = 13 - m. Calculate the remainder when o(31) is divided by l.
5
Let q(h) = -2*h**2 - 13*h - 5. Let u = -109 - -104. Let n be q(u). Suppose -4*d + n*d - 108 = 0. What is the remainder when 122 is divided by d?
14
Let g(q) = -1213*q - 1383. Calculate the remainder when g(-5) is divided by 142.
138
Suppose -l - 916 = -3*s, 17*s - 20*s + 3*l = -906. Calculate the remainder when s is divided by 193.
114
Suppose -n = 6*a - 3*a - 20, 2*a + 38 = 4*n. Let r be (-222)/4*2/(-18)*-24. Let k = -51 - r. Calculate the remainder when k is divided by n.
9
Suppose 176276 = 215*k - 149*k + 156*k + 472*k. Let y = 39 - -12. What is the remainder when k is divided by y?
50
Suppose 8638 + 12890 = 9*v. Calculate the remainder when v is divided by 11.
5
Let q(x) = 2085*x - 1241. Calculate the remainder when q(4) is divided by 145.
139
Let z(x) = -x**3 - 11*x**2 - 2*x + 4. Let c be z(-12). Calculate the remainder when 104 is divided by (16/64)/((-343)/c + 2).
18
Suppose 142*r - 924 + 72 = 0. What is the remainder when 68 is divided by r?
2
Let z(k) = -2*k**3 + 2*k**2 + 2*k - 1. Suppose -11*n + 30*n = -27664. What is the remainder when (2/8)/((-4)/n) is divided by z(-2)?
15
Suppose -3793 = -26*g + 2785. What is the remainder when 435 is divided by g?
182
Let u(s) = 315*s**3 - s**2 + 25*s - 34. Calculate the remainder when u(2) is divided by 8.
4
Suppose -4*s - 2*x = -3*s, 2*s = -x + 3. Calculate the remainder when (-46)/6*9*12/(-18) is divided by s.
0
Let q(z) = 27*z**3 + z**2 - 2*z + 1. Suppose 3*g + 9 = -57. Let y = g + 29. What is the remainder when q(1) is divided by y?
6
Let v(j) = -j**3 + 12*j**2 + 3*j - 41. Let u = 229 + -218. Let r = 31 - 8. Calculate the remainder when v(u) is divided by r.
21
Let j = -8638 + 8879. What is the remainder when j is divided by 42?
31
Suppose 37*n - 10*n = 10*n + 901. Let v(l) = l**3 - 8*l**2 + 5*l. Let k be v(8). Let s = k + -21. What is the remainder when n is divided by s?
15
Let u be (-15)/(-10) + 4/8. Suppose u*v - 293 = -241. What is the remainder when 69 is divided by v?
17
Let y = 6120 - 3747. Calculate the remainder when y is divided by 20.
13
Let y(f) = -f**3 + 10*f**2 - 11*f + 12. Let m be y(5). Suppose 74 - m = -2*k. Calculate the remainder when 19 is divided by k.
3
Suppose 10*u + 168 = 8*u. Let n be 63/u*(-11 - 1). Let d(m) = -m**2 + 14*m - 15. What is the remainder when 59 is divided by d(n)?
29
Let r(h) = h**3 - 67*h**2 - 361*h + 91. What is the remainder when 149 is divided by r(72)?
16
Let f = -48 + 81. Let l be (126/14)/(3/(-30)). Calculate the remainder when f is divided by (-6)/(-27) + (-790)/l.
6
Let h = 459 - 484. What is the remainder when 186 is divided by (-15)/h*41 - (-3)/(-5)?
18
Let r(m) = 51*m - 11. Let s(c) = -2*c**2 - 16*c + 195. What is the remainder when r(6) is divided by s(-14)?
25
Suppose -141*o + 138*o + 86 = 4*d, -151 = -5*o + d. Calculate the remainder when 1280 is divided by o.
20
Calculate the remainder when 500 is divided by ((-21)/(-9))/((-38)/(-228)).
10
Suppose n = -11 - 73. Let v = n + 121. Suppose 0 = -y + 10*y - 45. What is the remainder when v is divided by y?
2
Suppose 0 = -0*q + 31*q - 1302. What is the remainder when 747 is divided by q?
33
Let y = 2 + -1. Let f = 135 + -123. Suppose 4*i - 6*i + 2 = 0, -3*w = 3*i - f. What is the remainder when w is divided by y?
0
Let k = -138 - -158. Suppose -k*s = -5*s - 1170. Calculate the remainder when s is divided by 16.
14
Let j = -457 - -806. Suppose 20*k - 24*k + 444 = 2*q, 0 = -4*k. Let l = j - q. What is the remainder when l is divided by 26?
23
Let g = 31 - -18. Let b = -8 - -15. Suppose -6*c + b*c = 145. Calculate the remainder when c is divided by g.
47
Let d = 3134 - 3115. What is the remainder when 117 is divided by d?
3
Let z = -220 - -207. Calculate the remainder when 30 is divided by (26/(-4))/z + (-17)/(-2).
3
Let w(u) = 231*u - 1594. What is the remainder when 409 is divided by w(7)?
18
Let j(r) = -29*r - 330. Let u be j(-11). Let a(p) = -p**3 - 11*p**2 + p + 37. What is the remainder when 102 is divided by a(u)?
24
Suppose 0 = 2*s - 10 - 16. Suppose -5*n - 30 = 3*k, 3*k - 7*k - 2*n = 26. What is the remainder when k/(1/15*-3) is divided by s?
12
Calculate the remainder when 644 is divided by 189/14*(-19)/(342/(-24)).
14
Suppose 26*a + 250 = 2018. Calculate the remainder when 210 is divided by a.
6
What is the remainder when 4882 is divided by 1599/41*(-4)/(-9)*3?
46
Let i(v) = 3*v**3 + 7*v**2 - 3*v + 7. What is the remainder when 62 is divided by i(2)?
9
Suppose 517485 = 148*o - 249303. What is the remainder when o is divided by 108?
105
Suppose 0 = -20*q + 54*q - 14994. What is the remainder when q is divided by 74?
71
Let j(p) = 19*p + 16. Let o be j(-17). Let v = o + 379. What is the remainder when v is divided by 48?
24
Suppose 2786 = -2*s + 9478. Let g be 14/133 + s/(-19). Let t = -106 - g. What is the remainder when t is divided by 19?
13
Let r(a) = 6*a - 34. Let m be ((-134)/(-3))/((-20)/(-30)). Let z = m + -50. What is the remainder when r(z) is divided by 23?
22
Suppose -12 - 118 = -5*i. Let d(y) = 6*y**2 - 10*y + 9. Let r be d(8). Let h = r - 188. Calculate the remainder when h is divided by i.
21
Suppose 0 = 2*p - 19*p + 2584. Suppose -4*a = -2*d + 160, 2*d - 2*a - p - 6 = 0. What is the remainder when d is divided by 21?
15
What is the remainder when 508 is divided by (19/(-1) - -2)*10/4*